r?
False
Suppose -q - 4*n - 622 = -3*q, 4*n - 16 = 0. Is q a prime number?
False
Let y = 125 - 89. Suppose 0 = -5*k + y + 14. Is k composite?
True
Is (-2 - 1) + 4 - -496 a prime number?
False
Suppose -3*v + 3*a = -a - 4537, -2*a = -5*v + 7557. Is v composite?
False
Let y be (-3 + -2 + 3)/(-1). Suppose y*m = m + 36. Suppose 0 = -3*o + 3*f + 84, 3*o - m = -3*f + 18. Is o a composite number?
False
Let m = 2 + 11. Is m prime?
True
Let c be (-4)/2 - (-6 - -4). Let o = c - -3. Suppose -175 = s - o*s + h, 5*h + 25 = 0. Is s composite?
True
Let u(o) = -6*o**3 - 17*o**2 - 4*o + 13. Let y(x) = 5*x**3 + 16*x**2 + 5*x - 12. Let j(z) = 4*u(z) + 5*y(z). Is j(-11) a prime number?
False
Let r be 4/6 + 160/(-6). Let t = r + 49. Is t a composite number?
False
Suppose 213 = x + 2*i - 64, -527 = -2*x + 5*i. Is x composite?
False
Suppose 5*y - 4141 - 8914 = 0. Is y prime?
False
Suppose -11*u = -13*u + 332. Is u prime?
False
Let p = -17 + 25. Suppose 4*q - p = -0*q. Suppose 2*g - 52 = -2*b, 2*b + b + q*g - 74 = 0. Is b composite?
True
Let b(r) be the first derivative of -38*r**3/3 + 3*r**2/2 + 2. Let l(h) = 38*h**2 - 2*h. Let d(t) = 3*b(t) + 4*l(t). Is d(1) prime?
False
Is (-5668)/(-44) - 4/(-22) a prime number?
False
Is (4 + -2 + -3316)/(-3 - -1) a prime number?
True
Let h(t) = 10*t**2 - t - 1. Let g be -2 + -3*(-12)/9. Suppose 2*q - 4*u + 5*u - 10 = 0, 5*q + g*u = 24. Is h(q) prime?
False
Suppose -5*m + 70 = -i, -m - 5*i + 100 = 4*m. Let b be 1/3 + m/9. Suppose 39 = b*p - 91. Is p a prime number?
False
Suppose g + 5 = 0, -2*p + 2*g = 11 - 27. Let v(y) = 38*y**2 - 2*y - 1. Let b be v(2). Suppose -90 = -p*w + b. Is w prime?
True
Let d be 24/(-9)*(-9)/6. Suppose 1 = -o, -846 = -d*c + o + o. Is c a prime number?
True
Let a(y) = y**3 + y**2 + 3*y. Let z be a(-3). Let u be (56/(-3))/((-6)/z). Let s = 173 + u. Is s composite?
False
Suppose -6*w + 176 = -8*w. Suppose f = 2*f - 179. Let z = f + w. Is z a prime number?
False
Suppose 4*p = -5*p + 11223. Is p composite?
True
Suppose 20 = 5*d, 3*d - 1286 = -2*o - d. Is o a prime number?
False
Let r(h) = 2*h**2 - 5*h + 2. Suppose 0 = 5*c + 29 + 6. Let v = c + 2. Is r(v) composite?
True
Let u(m) = 4*m**2 - m + 1. Let l be u(1). Suppose 2*p + 2*p + l*n - 36 = 0, -3*n + 12 = 0. Suppose 2*s = -9*x + 4*x + 235, p*s = x - 74. Is x composite?
True
Let q(h) = h**3 + 10*h**2 - 27*h + 11. Is q(8) a prime number?
True
Let c(a) = 17*a + 9. Let k be c(6). Let p = k + 124. Is p prime?
False
Let l(h) = h**3 + 6*h**2 + 5*h + 2. Let x be l(-5). Suppose x + 176 = 2*c. Is c a prime number?
True
Let m(u) = u**2 - 7*u + 1. Let v be m(5). Is (-262)/(-3) + 3/v a prime number?
False
Suppose s + 0*a = -2*a - 541, 0 = -5*s - 5*a - 2730. Let b = -64 - s. Is b prime?
True
Let g(j) = 2*j**2 + 12*j - 13. Is g(8) prime?
True
Let r = -171 - -63. Let j = r + -716. Is ((-2)/(-4))/((-4)/j) prime?
True
Let y be 8/((-2)/2) - -3. Let n be 52/y - (-2)/5. Is (-895)/n - 2/4 a prime number?
True
Let b be 2/(-6) - (-40)/3. Let q = b + 10. Is q a prime number?
True
Let l(t) = 31*t**2 - 6*t - 13. Is l(-10) a prime number?
False
Let t(g) = g + 15. Let n be t(-7). Let u(p) be the first derivative of 2*p**3/3 - 5*p**2/2 + 3*p - 6. Is u(n) a prime number?
False
Is 13181/14 + (-1)/2 prime?
True
Let i(y) = 2*y**2 - 3*y + 2. Suppose 0 = 2*h + 4*u + 26, -3*h + u - 3*u - 31 = 0. Let k be i(h). Is k/9 - (-2)/(-9) composite?
True
Is -5*5/(-50)*1226 composite?
False
Suppose 19 = -4*y - 5. Is 74*(y/4 - -2) prime?
True
Suppose -4*u - 42 + 218 = 0. Suppose 0 = s + 3*s - u. Is s a prime number?
True
Suppose -7*s - 652 = -9*s. Is s a prime number?
False
Let o be 1 + (-3)/(-3) + 1. Suppose o + 19 = 2*y. Is y a composite number?
False
Is -2*(1 + 3345/(-10)) composite?
True
Let z be 22/4 + 12/(-24). Is ((-154)/(-8))/(z/20) a composite number?
True
Let c = 38 - 66. Let z = c - -105. Is z prime?
False
Let q = 70 + 135. Is q prime?
False
Let o be 2/(-9) + (-40)/(-18). Suppose o*d = -x - 14, d + 11 = -3*x - 41. Let b = x + 32. Is b prime?
False
Let p = 1 - 1. Let s(z) = p - 11*z - 1 - 9*z. Is s(-4) a composite number?
False
Suppose 0 = -4*d + 4*z + 4, 3*d + 6*z = z - 5. Suppose p = -d*p - 24. Let k = p - -46. Is k a prime number?
False
Is (-1)/(((-30)/(-2495))/(-6)) composite?
False
Let k(j) = -8*j**3 + 9*j**2 + j - 3. Is k(-4) composite?
True
Suppose 4423 = 3*q + n, 2*q - 5888 = -2*q + n. Suppose -5*t = -42 - q. Is t a prime number?
False
Let g(t) = -354*t + 2. Let f be g(-2). Let n = f + -461. Suppose -4*s + s + n = 0. Is s composite?
False
Let r(z) be the second derivative of -z**5/20 + 5*z**4/12 - z**3 + 3*z**2/2 + z. Let w be r(4). Is ((-33)/(-5))/((-1)/w) prime?
False
Let d = -86 + 210. Suppose g + 3*b = 185, b - d = -2*g + 256. Is g a composite number?
False
Suppose 5*w - 3*b - 6802 = 0, 2*w - 1969 = 2*b + 751. Is w prime?
True
Suppose 0*s - 36 = 6*s. Let j(b) = -b**3 - 2*b**2 - 7*b - 1. Is j(s) composite?
True
Let k(o) = -3*o**2 + 4*o + 5. Let l(i) = 3*i**2 - 4*i - 4. Let y(t) = 4*k(t) + 5*l(t). Is y(-5) prime?
False
Is (-1 - -3)/((-24)/(-14748)) a composite number?
False
Let a(c) = c**3 - 5*c**2 - 13*c - 13. Is a(12) composite?
False
Let n(q) = -22*q + 17. Is n(-5) a composite number?
False
Let a(b) = -110*b - 2. Let x be a(-3). Suppose 0 = -3*m + 5*z + x, 656 - 106 = 5*m - 5*z. Is m a prime number?
False
Suppose 5*w - 6 = 2*w. Let m(r) = -r**3 + 12*r**2 + 8*r + 6. Let t be m(9). Suppose w*f - 1 = t. Is f prime?
False
Suppose 2*a = -m + 69, m - 137 = -m - 3*a. Is m a composite number?
False
Let x(f) = f**2 - 4*f - 1. Let h be x(5). Let l(t) = 12*t + 5. Is l(h) composite?
False
Suppose 4*c = -c. Suppose -g + 5*s = g - 10, c = s + 4. Let n(f) = -10*f + 3. Is n(g) a prime number?
True
Suppose -3*f + 17 = -22. Let z = f + -8. Suppose 26 - z = 3*k. Is k a composite number?
False
Suppose 5*g + 5*w - 1340 = 0, -4*g - 2*w + 485 + 581 = 0. Is g a prime number?
False
Let k(j) = -j + 5. Let b be k(0). Suppose -2*r = -7*r - b. Let p = r + 4. Is p a prime number?
True
Suppose 0*g = -g - 3. Let u(s) = -2*s**3 + s**2 - s + 1. Is u(g) a prime number?
True
Let x = 34 + 174. Suppose -9 + x = a. Is a composite?
False
Let y = -4 + 7. Suppose y*q - n = -2, -3 = 3*q + 2*n - 7. Suppose -3*m - c + 4 + 6 = q, -5*m + 3*c + 26 = 0. Is m composite?
True
Suppose b + 2*b + 12 = 0. Let h = b + 11. Let k = 42 + h. Is k prime?
False
Let h(p) = 5*p**2 + 5*p. Let w(n) = -4*n**2 - 4*n. Let d(x) = -5*h(x) - 6*w(x). Let s be d(0). Suppose s = -f + 6*f - 415. Is f a composite number?
False
Let f(a) = -a**3 + 11*a**2 - 3*a - 7. Is f(8) prime?
False
Let r = -9 - -19. Suppose -2*c - 4 = r. Let m(q) = -2*q + 7. Is m(c) prime?
False
Suppose 2*p + 364 = -2*p. Let q(d) = -d**2 - 2*d - 2. Let w be q(-3). Is (w + 1)*p/4 composite?
True
Let f = -255 + 742. Is f a prime number?
True
Suppose -n = -2*n + 2. Suppose 2*c + 5*b + 10 = 0, -n*c = -2*b - 0 - 4. Suppose -5*f + c*f = -70. Is f a prime number?
False
Let o be (110/(-4))/(4/8). Let j = 114 - o. Is j prime?
False
Suppose x + 2*x = -p + 58, -4*x - 3*p = -79. Is x a prime number?
True
Is (-996)/(-1) + 7 + -6 a composite number?
False
Let z(u) = -2*u. Let o be z(-1). Suppose 0 = -f - f - 4*x + 12, x - 3 = o*f. Suppose -j + 2*j - 373 = f. Is j a prime number?
True
Suppose -2*l + 5*w - 7 = 0, -3*l + 0*l + 9 = -w. Suppose b = -l*b + 10. Suppose -b*c + 20 = -2*o, 0 = -c - 3*o + 6*o + 8. Is c a composite number?
False
Let c(d) = -d**3 - 7*d**2 - 7*d - 4. Suppose 6 = -3*x - 12. Let h be c(x). Suppose -y = h*y - 447. Is y prime?
True
Let v(t) = -t + 7. Let n be v(4). Suppose -4*j + 0*j - 105 = 5*l, l + 87 = -n*j. Let y = j + 53. Is y prime?
True
Suppose 3*u - 8*u + 1864 = d, -d = -u + 374. Is u a prime number?
True
Suppose -76 = 5*s - 6*s. Suppose -s = -3*k - k. Is k composite?
False
Let u(i) = 84*i + 23. Is u(15) prime?
True
Suppose 2*x - 6*x = -852. Is x a prime number?
False
Let t be ((2 + 4)/1)/2. Suppose -3*v = 4*u - 467, t*v = -v + 2*u + 652. Is v composite?
True
Suppose 4*r - r - 1575 = -2*u, -2*r = -4*u + 3158. Is u composite?
True
Is (-23)/(588/408 + 3/(-2)) a prime number?
False
Suppose -5*n + 23 + 7 = 4*p, p = 3*n - 1. Suppose 1 - p = 2*u, -2*u = 3*a - 227. Is a composite?
True
Let c = -63 + 109. Suppose 0 = -3*h - 7*m + 2*m + c, 5*m = -2*h + 39. Is h prime?
True
Let m(g) = -